3/3 + u**2 + u - 3. Let f be h(-2). Suppose -3*q = -15, f*m + 0*m - 35 = -5*q. What is the units digit of m?
2
Let i(u) = 3*u + 1. What is the tens digit of i(9)?
2
Suppose -4*q + 156 = -0*q. What is the units digit of q?
9
Suppose -3*h + 1 = 3*z + 2*z, -h = z - 3. Let k = 10 + h. What is the tens digit of k?
1
What is the units digit of (-3)/((-2)/((-16)/(-6)))?
4
Let y(b) = 2*b**2 + 2*b - 1. Let k be 4/16 - 7/(-4). What is the units digit of y(k)?
1
Let i = 77 - 0. Suppose 4*l - 5*k = 197, -i - 22 = -2*l + 3*k. What is the units digit of l?
8
Suppose 4*u + 12 = -8. Let j = 2 - u. What is the units digit of j?
7
Let d(p) = p**2 + 5*p + 2. What is the tens digit of d(-11)?
6
Suppose 2*g - 6*g - 3*n = -151, 5*n - 5 = 0. Suppose 4*r = g + 119. Suppose 5 = -2*t + r. What is the tens digit of t?
1
Suppose 4*q - 2*r - 43 = 3*r, 3*q = -2*r + 15. What is the units digit of q?
7
What is the units digit of 1/(-4) + 0 + (-7165)/(-20)?
8
Suppose -2*g + 371 - 65 = 2*w, 4*w + 4 = 0. Suppose 3*v = -y + g, -3*y = -v - 0*y + 58. What is the tens digit of v?
5
Let m(z) = -z**3 + 8*z**2 + 11*z - 8. What is the tens digit of m(7)?
1
Suppose 5 = -k - 0*u - u, 2*k - 5*u - 11 = 0. Let f be ((-6)/(-4))/(k/(-8)). Suppose -3*c + 7*x - 4*x = -f, -2*x = -3*c + 11. What is the units digit of c?
7
Let u(n) = -n**3 + 4*n**2 - 6*n + 4. Let t be u(6). What is the units digit of t/(-24) + 2/(-6)?
4
Suppose 2*a = 3*m - 64, 5*m + 3*a - 113 = -0*m. What is the tens digit of m?
2
Let r = 1 + -2. Let m be r/(23/(-11) + 2). Let k = 18 - m. What is the units digit of k?
7
Let o = -7 + 9. What is the units digit of ((-20)/8)/(o/(-4))?
5
Let u(o) = o**3 + 8*o**2 + 5*o - 4. What is the tens digit of u(-6)?
3
Let g(j) = 3*j - 4. Let f be g(9). What is the units digit of (-2)/3 + f/3?
7
Let y(f) = -f**2 - 13*f - 9. What is the tens digit of y(-5)?
3
Let v = 2 - -4. Let z(y) = -y**2 + 7*y + 7. What is the units digit of z(v)?
3
Let g = 57 - 26. What is the units digit of g?
1
Let u = -155 + 228. What is the tens digit of u?
7
Let y(f) = 4*f**3 - 2*f**2 + 2*f - 3. Let g(w) = -w**2 + 15*w + 2. Let i be g(15). What is the tens digit of y(i)?
2
Let o(j) = 4*j**2 + j. Let k be o(-1). Suppose -k*c = -2*c - 24. What is the tens digit of c?
2
Let h(f) = -f - 12. Let d be h(-6). Let j(t) = -t**2 - 7*t + 5. What is the units digit of j(d)?
1
Let z be 3/(9/4)*-3. Let v(u) = u**2 - 6*u - 4. Let b be v(z). Suppose -4*c - b = -3*d - c, -5*d + 54 = c. What is the units digit of d?
1
Let t(z) = -z**3 - 2*z**2 + z - 1. Let v be t(-3). Suppose v*j - 2*q = q + 104, 0 = 5*j - q - 108. What is the units digit of j?
2
Let z = -30 + 51. Suppose 3*g - z = -6. What is the units digit of g?
5
Let t(g) = g**3 + 9*g**2 + 7*g - 8. Let c be t(-8). Suppose -3*z + 15 + 21 = c. What is the tens digit of z?
1
Suppose -2*l = 2*a - 126, 3*a - 164 = -l + 3*l. What is the units digit of a?
8
Let q(u) = 6 + 8*u + 0 - 2 - 2 + u**2. Suppose -4*n = -0*n + 32. What is the units digit of q(n)?
2
Let a = 57 + 159. What is the hundreds digit of a?
2
Suppose -f - 4 = -7. Suppose -4*b - 39 = -11. What is the tens digit of 6/5*(f - b)?
1
Suppose 2*r - 89 = 5*p, -2*r + 6*r = 4*p + 148. Suppose 2*s - 5*b - r = -3*b, 0 = -2*b. What is the units digit of s?
6
Let n(f) = f**3 + 4*f**2 - 6*f - 9. What is the units digit of n(4)?
5
Let a(i) = -i + 15. What is the units digit of a(-7)?
2
Suppose 0 = a - 0*a - 4. What is the units digit of a?
4
Let h(w) = -w**2 - 4*w + 3. Let a be h(-4). Let q = 2 + a. What is the units digit of q?
5
Suppose -2*w = -0*w. Let b = w + 4. Suppose b*p - 18 - 12 = 2*n, p = -n. What is the units digit of p?
5
Suppose -2*n - 2*n + 28 = c, -4*c + 12 = -4*n. Let g = c + -3. Suppose -g*u + 3 = -12. What is the units digit of u?
3
Let t be (-376)/20*20/(-8). Suppose -t = -5*a + 18. What is the tens digit of a?
1
Let k be (-3)/((-14)/4 + 2). Suppose -27 = -k*j + 39. What is the units digit of j?
3
Let w = -8 - -4. Let v = w + 8. What is the units digit of v?
4
What is the units digit of 14/(-42) - 10/(-3)?
3
Suppose 0*z - 6 = 3*z. Suppose -57 - 38 = -u + 4*a, a + 380 = 4*u. What is the units digit of (u/10)/(z/(-4))?
9
Suppose -2 = 2*q + 3*b, -9 - 1 = -4*q + b. Let j(t) = -t**2 + t + 1. Let p(c) = c**2 + 3*c + 1. Let a(v) = q*j(v) + p(v). What is the units digit of a(4)?
7
Let y = 31 - 22. Suppose -y = -0*a + 3*a. What is the units digit of (a*1)/(9/(-24))?
8
Suppose 24 = -4*l + 572. What is the hundreds digit of l?
1
Let g = 24 + -17. What is the units digit of g?
7
Let y = -129 + 392. What is the tens digit of y?
6
Let c be (1 + 1)*(-50)/(-4). Let n = -14 + c. What is the units digit of n?
1
Let z = -2 - -17. What is the units digit of z?
5
Let i(d) = -d + 2. Let u be i(4). What is the tens digit of (u + 3)/((-1)/(-19))?
1
Let z(g) be the first derivative of g + 4 + 1/3*g**3 + 1/2*g**2. What is the tens digit of z(-4)?
1
Suppose -15 = -5*q, -4*i - 2 = -6*i - 2*q. Let v = i - -6. Suppose -14 = -4*p + l, -v*l + 0*l = -p + 11. What is the units digit of p?
3
Suppose -285 = -4*d - d. What is the units digit of d?
7
Let a be 4 - -1 - -2 - 1. Suppose 4*y - 7 = 13. Suppose 0 = y*k - 21 + a. What is the units digit of k?
3
Suppose 8*n = 10*n - 18. What is the tens digit of 339/15 + n/(-15)?
2
Let c(a) = -a**2 + a + 8. Let j be c(0). Suppose -3*u + j = u. What is the units digit of u?
2
Suppose -x = -4*m - m - 114, 3*x - 312 = 5*m. What is the units digit of x?
9
Let n(g) = -g**3 - 5*g**2 - 2*g - 4. Let v be n(-5). Suppose -v = 2*j - 32. What is the tens digit of j?
1
Suppose -5*k + 4*w = -44, k = -4*w - 7 + 35. What is the tens digit of k?
1
Suppose -3*v = 3*b - 7 - 2, -v = 3*b - 5. What is the units digit of b?
1
Let j(t) = -t**2 - 8*t - 3. Let n be j(-7). Suppose 2*l = 3*g - 2*g - 1, n*l = -g + 7. What is the units digit of l?
1
Let l = 17 - -19. Let p = l - 16. What is the tens digit of p?
2
What is the units digit of 99/3 - (-7 + 3 - -5)?
2
Let x(t) = 5 - 3*t**3 - t**2 + t + 3 + 4*t**3. Let s(r) = -r**3 - r**2. Let o be s(0). What is the units digit of x(o)?
8
Suppose -x - 4 = -4*g, 3*x = -g + 2 - 14. Suppose 0 = -2*a - 0*a + 146. Suppose -4*p + a = t, g = -4*p + 2*t + 44 + 14. What is the tens digit of p?
1
Let d(l) = -15*l**3 - 1. Let r be d(-1). Suppose 5*k - 3*o = -37, -2*k + o - r = -0*o. Let w(z) = -3*z + 2. What is the units digit of w(k)?
7
Suppose -671 = -3*f + 223. What is the hundreds digit of f?
2
Let w = -31 - -22. Suppose -3*t - 31 + 10 = 0. Let c = t - w. What is the units digit of c?
2
Let r be (-9 - -1)/(8/20). What is the tens digit of r/6*(-9)/2?
1
Let a(k) be the first derivative of -k**5/60 + k**4/4 - 2*k**3/3 + k**2 - 1. Let z(o) be the second derivative of a(o). What is the units digit of z(4)?
4
Suppose -3*s - 16 = -73. What is the tens digit of s?
1
Let v = -198 + 314. What is the units digit of v?
6
Suppose 48 = 4*u - 88. What is the tens digit of u?
3
Let j(n) be the first derivative of -n + 2 + 1/2*n**2 + 6*n**3. What is the units digit of j(1)?
8
Let b = 12 + 3. What is the units digit of b?
5
Suppose y = 7*b - 3*b + 21, 0 = -b - 2*y + 6. Let q be 2/b + (-22)/4. What is the units digit of (8/q)/(3/(-18))?
8
Suppose 0 = -2*c + 4, -3*l = -2*l - 2*c + 9. What is the units digit of l/15 - 4/(-3)?
1
Let m be 5*((-6)/(-10) + 0). Suppose 0 = -2*j + m*j. Suppose j = 5*t - t - 16. What is the units digit of t?
4
Suppose 2*u - 52 = -4*o, 4*u + 12 = u. Let h = o + 0. What is the units digit of h?
5
Suppose 0*j = j. Let c be (1 + j)*1*4. What is the units digit of (6/(-4))/((-3)/c)?
2
Suppose -19 = -3*g + 38. What is the tens digit of g?
1
What is the hundreds digit of 21/(-28) - ((-1521)/4)/3?
1
Suppose 3*y - 28 = 29. Suppose -18 + 2 = -3*g - 4*a, -a + y = 2*g. What is the units digit of g?
2
Suppose 5*n + 5 = 0, 4*f + 17 = -4*n - n. Let d be 3*(-2)/f + 2. Suppose 5*p - d*p = 4. What is the units digit of p?
4
Suppose 2*d - 6 = -2*j, -7*j + 4*d = -2*j + 12. What is the tens digit of (2 - (j - 10)) + 0?
1
Let a(j) = -j + 16. Let i be a(11). Suppose i = 5*n - 0. What is the units digit of n?
1
Suppose 4*d = 12, 0 = 5*z + 5*d + 17 + 3. Let s = z - -10. Suppose 3*o + o + s = 5*b, -5*b + 6 = -3*o. What is the units digit of o?
3
Suppose 4*m + 38 = -18. Let c(z) = 11*z - 1. Let b be c(2). Let n = b + m. What 